i)?
6
Let p = 6832 + -6835. Let h(n) = n**3 - 2*n**2 - 4*n - 16. Calculate h(p).
-49
Let t(i) = -18*i**2 - 38*i + 38. Let l(j) = 43*j**2 + 81*j - 75. Let u(r) = -3*l(r) - 7*t(r). Give u(2).
-7
Let f = 29759 + -29741. Let k(b) = -5*b - 7. What is k(f)?
-97
Let d(c) be the first derivative of -c**3/3 - 3*c**2 - 5*c + 1. Let h be 52/13 + (-2)/2. Suppose -q + 16 = -6*q - h*n, 6 = 2*n. Calculate d(q).
0
Let m(c) = -218*c**2 - c + 83. Let i(r) = -27*r**2 + 10. Let v(o) = -17*i(o) + 2*m(o). Determine v(-2).
92
Suppose 4*n - 34 = 14. Let f = 19 - n. Let i(t) be the second derivative of -t**5/20 + 2*t**4/3 - 2*t**3/3 - 5*t**2 + 53*t - 3. Calculate i(f).
11
Let h(t) be the first derivative of -1/3*t**3 - 5 + 5/2*t**2 + 4*t. Calculate h(5).
4
Let x(y) = -3*y + 103. Let g(b) = 243*b**2 + 4370*b - 36. Let z be g(-18). Calculate x(z).
-5
Let m = -307 - -176. Let w = m + 136. Let b(x) = -4*x - 3*x + 2 + 4*x - 4*x**2 + w*x**2. What is b(2)?
0
Let z(v) = -v**3 + 2*v**2 + 3. Let n(j) = 20*j + 60. Let m be n(-3). Suppose 3*k + 2 - 11 = m. Give z(k).
-6
Let v(p) = 198 - 48 - 48 + 8*p - 48 - 49 + 2*p**2. Suppose 21*i = 18*i - 210. Let r be (i/(-42))/((-1)/3). Calculate v(r).
15
Let c(o) = -o**2 - 269*o + 3962. Let w be c(14). Let s(m) = m**2 - 5*m - 4. Let j be s(6). Let q(g) = -g**j - 2 - 3*g + 6 + 5*g - g. Determine q(w).
4
Let u be 0 - ((-89)/15 + 5) - 6/10. Let i(k) be the third derivative of 1/8*k**4 + 13*k**2 - u*k**3 + 0*k + 1/60*k**5 + 0. What is i(-2)?
-4
Let g(q) be the third derivative of q**6/120 + q**5/60 - q**4/8 + 5*q**3/6 - q**2. Let f be (221/(-26))/((-1581)/(-744)). Determine g(f).
-31
Let y(j) be the second derivative of -j**4/12 - 19*j**3/6 - 87*j**2/2 - 9*j. Let v be y(-12). Let d(k) = -k**3 - k**2 + 4*k - 1. What is d(v)?
5
Let c(m) = -3*m + 5. Let n be c(4). Let r(k) = 8*k - 5. Let l(q) = 9*q - 4. Let z(i) = n*r(i) + 6*l(i). Let w(j) = j**3 + 1. Let u be w(2). Determine z(u).
-7
Let k(j) = j - 5*j + 14 + 0*j + 9*j - 6*j. Give k(-17).
31
Let n(z) = -z**3 + 7*z**2 + 4. Let s be n(7). Suppose -38 = -s*g - 14. Let m(b) be the third derivative of b**5/60 - 5*b**4/24 - b**2. Determine m(g).
6
Suppose -4 = u, 2*u - 21 - 111 = 4*m. Let t be -7*(3 - (-80)/m - 2). Let i(d) = -d**3 + 8*d**2 + 12*d - 12. Determine i(t).
15
Let d(r) = -r**2 - 4*r - 2. Let k(t) = -3*t + 8. Suppose 4*n - 24 = -2*n. Suppose 4*o - 3*w - 25 = 0, n*o + 5*w = 1 - 0. Let b be k(o). Determine d(b).
-2
Let m(y) = 11*y + 14. Let p(i) = i**3 + 24*i**2 - 77*i - 669. Let n be p(-26). What is m(n)?
-195
Suppose -5*f - 37 = -2*i, f - 28 = -2*i + 27. Let x(y) = -y**2 + 24*y + 44. Let w be x(i). Let v(l) = l - 2. Determine v(w).
-10
Suppose -4*s - 43 = 5*j - 67, 0 = 3*j - 24. Let i(g) = -7*g**2 - 9*g - 5. What is i(s)?
-81
Let m(d) = -36*d - 4. Suppose -5 = 2174*c - 2179*c + 5*h, 0 = -3*c - 2*h + 3. Calculate m(c).
-40
Let s(w) = -w**3 + 5*w**2 - 8*w + 13. Let q(n) = 2*n**3 - 236*n**2 - 237*n - 115. Let u be q(119). What is s(u)?
-3
Let x(t) = 2*t - 4. Suppose g = -53 + 92. Suppose 4*s = 3*u + 17 - 136, -u + 2*s + g = 0. Let v = u + -46. Determine x(v).
-14
Let w(l) be the second derivative of -l**3/3 - 9*l**2/2 - 29*l - 1. Let h = -44 + 73. Let r = -38 + h. Determine w(r).
9
Let q(f) be the first derivative of -2/3*f**3 - 16*f + 33/2*f**2 - 272. Calculate q(16).
0
Let y(q) be the second derivative of -5/2*q**2 + 1/20*q**5 + 4/3*q**4 + 0 + q - 17/6*q**3. Let u be y(-17). Let z(h) = -2*h - 3. Calculate z(u).
7
Suppose 14*i = 125 + 211. Let w(c) = -c**3 - 61 - 6*c**2 + i + 31. What is w(-6)?
-6
Let o(s) = s**2 + 6*s + 4. Let x(y) = -8*y**2 - 47*y - 37. Let g(u) = -10*o(u) - x(u). Calculate g(-5).
12
Let q(n) be the second derivative of -1/20*n**5 + 5/12*n**4 + 2 - 41*n + 1/2*n**2 + 1/3*n**3. Suppose -i = 2*i - 18. What is q(i)?
-23
Let x be (1/((-1)/1))/(0 + -1). Suppose 5 = 2*h + j - 2, 2*h = j + x. Let d be 80/(-10) - (h - 4). Let l(s) = -s - 4. Give l(d).
2
Let t(k) = -k**3 - 6*k**2 - k + 3. Let m = 103 - 115. Let y be 2 + (2 - -3) + m. What is t(y)?
-17
Suppose 3 = -7*k + 17. Let s(c) = 14*c - 23. Let j be s(k). Let d(f) = -5*f + j*f + 5 - f. Give d(-5).
10
Let y(w) = -4*w - 12. Let z(a) = 3*a + 26. Let i(n) = -n - 7. Let t(v) = -9*i(v) - 2*z(v). Let r(o) = 5*t(o) + 4*y(o). Determine r(-8).
15
Let s be (55 - 12871/244)*(-4)/3. Let m(g) = -2*g**3 - 5*g**2 + 9*g + 39. What is m(s)?
21
Let a(y) = -5*y**2 + 15*y - 33. Let x(z) = z**2 + 6. Let l(n) = a(n) + 3*x(n). Calculate l(7).
-8
Let z(l) = -l + 4*l**3 + l**3 - 4*l**3 - 1. Let p(t) = -7*t**3 - 5*t - 4. Let j be (2 - -4) + (-4)/2. Let n(w) = j*z(w) - p(w). Determine n(-1).
-12
Suppose 1039*h + 77 = 1025*h + 21. Let z(a) = 28*a - 7. Determine z(h).
-119
Let s = 16 - 30. Let r(l) be the third derivative of l**4/24 + 2*l**3 + 3*l**2. Calculate r(s).
-2
Let v(d) be the first derivative of d**3/3 - 7*d**2/2 + d - 48. Let t = 994 + -989. Give v(t).
-9
Let c = 6674 - 6644. Let t(i) = -i**2 + 27*i + 85. What is t(c)?
-5
Let q(g) = 4*g**3 - g**2 - 24. Let a(s) = -s**3 + 1. Let i(v) = -5*a(v) - q(v). Suppose -47 - 235 = 47*f. Let d be -5 + ((-10)/f)/(5/15). Give i(d).
19
Let o(t) = 12*t + 121. Let y be o(-9). Suppose -z - 10*p = -y*p, 4*z = 2*p - 40. Let r(x) = x**2 + 12*x + 5. Calculate r(z).
5
Let j(a) = -16*a + 115. Let u = -177 + 184. Let n be j(u). Let b(f) = f**3 - 3*f**2 - f + 1. Give b(n).
-2
Let m be ((-14)/(-6))/((-2)/(-6)). Let p = 25963 + -25979. Let w be (-6)/(-3) + p + m. Let v(h) = -h**2 - 5*h + 9. Give v(w).
-5
Let q(i) = 192*i**2 + 195*i**2 + 0 - 388*i**2 + 1 - i - 32*i**3 - 1. Suppose 0 = 4*n + 5 - 1. Calculate q(n).
32
Let d(i) be the third derivative of -i**4/3 + 55*i**3/6 - 15*i**2. Let w be d(6). Suppose w = q + 2*a, 13 + 8 = 5*q + 3*a. Let g(r) = -r - 1. What is g(q)?
-4
Let m(y) = 3*y - 80. Let h = 5149 - 5122. What is m(h)?
1
Let p(d) = 33*d - 22. Let f(q) = -5*q + 4. Let y(x) = 13*f(x) + 2*p(x). Give y(-7).
1
Let z(p) = p**2 + 8. Suppose -7*d = -154 - 14. Suppose 9 = d*h + 9. Calculate z(h).
8
Let z(w) = -4. Let a be -20 - -22 - 61/1. Let q = a - -57. Let c(m) = m + 1. Let v(r) = q*c(r) - z(r). Give v(-2).
6
Let x(h) = h**3 + 11*h**2 + 7*h - 2. Let d be x(-8). Let z = -141 + d. Let r(t) = t**3 + 7*t**2 - 6. Determine r(z).
-6
Let m(g) = 7*g**3 + 21*g**2 + 5*g + 100. Let b(c) = -20*c**3 - 61*c**2 - 14*c - 299. Let j(k) = -6*b(k) - 17*m(k). Determine j(-10).
4
Suppose 97*j = 25*j - 792. Let l(y) be the third derivative of -y**5/60 - 11*y**4/24 - 5*y**3/3 - y**2. Determine l(j).
-10
Let t = -3 - 1. Let m(r) = 2*r**3 + 60*r**2 + 3*r + 103. Let l be m(-30). Let v(k) = -10*k**2 + k**3 + 9*k - 2 + 0 - 13*k + l*k**2. Calculate v(t).
-2
Let k(m) be the third derivative of m**5/60 - m**4/8 - m**3 + 85*m**2. What is k(7)?
22
Let h = -72 - -76. Let f(x) = 5 + h*x - 5*x - 4. Calculate f(-7).
8
Let a(r) = 5 + 27*r - 2 - 1. Let g be a(1). Let n = -34 + g. Let u(c) = -c**3 - 6*c**2 - 3*c + 1. Give u(n).
-9
Let k(o) be the first derivative of -o**4/4 + 2*o**3/3 + 3*o**2 - o - 1. Let q(v) = -9*v + 131. Let b be q(13). Suppose 0 = -b*z + 27*z - 52. Determine k(z).
-9
Let v be (-17)/136*4/(-18)*3. Let a(x) be the third derivative of 0*x + 17*x**2 - 1/3*x**3 - v*x**4 + 0. Determine a(-5).
8
Let z(n) = -3*n**3 - 5*n**2 - n. Let w be z(-6). Let q = w - 466. Let l(r) = r**3 - 8*r**2 + 5. What is l(q)?
5
Let o be (-153)/(-6) - 8/16. Let i be (30/o)/((-6)/100). Let r = -23 - i. Let k(h) = 3*h + 3. Calculate k(r).
-6
Let b(z) = z**2 - 3*z - 45. Let y be (25*(-1)/(-10))/((-2)/4). Give b(y).
-5
Let w(s) = 3*s**2 - 50*s + 90. Let p(z) = -z**2 + 17*z - 29. Suppose -9*n - 33 = -20*n. Let o(k) = n*w(k) + 8*p(k). What is o(11)?
5
Let l(z) = -z**2 - 9*z - 8. Let y be l(-8). Suppose 3*c = 3*a + 33, -a - 3*c + 2*c - 21 = y. Let i = a - -16. Let f(s) = s**2 - s. What is f(i)?
0
Let p be -16 - (-16 + 3 + -1). Let s(t) = -4*t**2 - 12*t - 8. Calculate s(p).
0
Let s = 12958 - 12960. Let z(w) = -5*w - 2. Let y(v) = -v + 1. Let p(r) = -2*y(r) - z(r). Calculate p(s).
-14
Let z(c) = -6*c**2 + 2*c. Suppose 5*a = -3*m + 94, 4*m + m - 105 = 2*a. Suppose 34*p - 11 - m = 0. What is z(p)?
-4
Let a(r) be the first derivative of 30*r**2 - 234*r - 3946. What is a(4)?
6
Let p(c) be the third derivative of c**7/840 - c**6/180 - c**5/60 + c**4/8 + 58*c**3/3 + 2*c**2 + 58. Le